hat is -302 - -1?
-301
In base 7, what is 236 - 1?
235
In base 5, what is 10 - 12313?
-12303
In base 8, what is 3 - -366?
371
In base 9, what is 126 - 5?
121
In base 2, what is 100000101011010 - 1?
100000101011001
In base 8, what is 572 + -5?
565
In base 5, what is 3 + 11?
14
In base 10, what is -80 + -74?
-154
In base 16, what is -11cb - 3?
-11ce
In base 16, what is -3 - 828?
-82b
In base 15, what is 3 + -25?
-22
In base 13, what is 9 + 18?
24
In base 6, what is -4025 - -11?
-4014
In base 3, what is 1002 + -20?
212
In base 2, what is -100001 + 10?
-11111
In base 12, what is 71 + 0?
71
In base 14, what is 229 - -7?
232
In base 10, what is 595 + -3?
592
In base 13, what is -68 + -6?
-71
In base 4, what is -31 - 123?
-220
In base 13, what is 2 - -71?
73
In base 11, what is -3 + -595?
-598
In base 13, what is -23 - -175?
152
In base 11, what is 22654 - -4?
22658
In base 9, what is -4 + -116?
-121
In base 5, what is 1 + 0?
1
In base 4, what is 2310223 + -10?
2310213
In base 3, what is 1110 + -100010?
-21200
In base 12, what is a - -4a?
58
In base 8, what is 4 - 6621?
-6615
In base 14, what is -193 + 3?
-190
In base 5, what is -42 + -41?
-133
In base 7, what is 3560 - 4?
3553
In base 7, what is 300 + -42?
225
In base 8, what is 53 - 17?
34
In base 15, what is 9a + 1?
9b
In base 15, what is 393 - 1?
392
In base 5, what is 4 - 114200?
-114141
In base 11, what is -2 - -5343?
5341
In base 16, what is 0 - -53?
53
In base 7, what is -52 + -5?
-60
In base 16, what is 0 + bf?
bf
In base 5, what is 11 + 3123?
3134
In base 7, what is 10103 - 0?
10103
In base 7, what is -21466 + 1?
-21465
In base 7, what is 53 + -6?
44
In base 5, what is -124144 + 2?
-124142
In base 3, what is -10 + 120002?
112222
In base 4, what is -10 - 20?
-30
In base 6, what is -43 + 2?
-41
In base 15, what is -42 + e?
-33
In base 4, what is -11021010 - 3?
-11021013
In base 15, what is 20 + -3?
1c
In base 3, what is 11 - 101002121?
-101002110
In base 2, what is -10 - 1100100?
-1100110
In base 15, what is 10e - 8?
106
In base 7, what is -20 + 2?
-15
In base 11, what is 3a2 - 0?
3a2
In base 4, what is 1 - 132?
-131
In base 6, what is 535 + 1?
540
In base 2, what is -10 + 1000011110?
1000011100
In base 11, what is 1109 - 5?
1104
In base 5, what is 4 + -13?
-4
In base 5, what is -3012 + 11?
-3001
In base 7, what is -5 + 12433?
12425
In base 12, what is -b3 - -a?
-a5
In base 8, what is -40 + 223?
163
In base 14, what is 7d + -7?
76
In base 7, what is -221 + -4?
-225
In base 8, what is -3 + -636?
-641
In base 2, what is -10110 + 100?
-10010
In base 4, what is -13 + 10001?
3322
In base 9, what is -5 - -316?
311
In base 13, what is -484 + -1?
-485
In base 9, what is 156 - 4?
152
In base 2, what is -101001101111 - -101?
-101001101010
In base 3, what is 1102222 + -12?
1102210
In base 9, what is -2 - 3?
-5
In base 9, what is -1521 + -1?
-1522
In base 10, what is 2089 - -1?
2090
In base 2, what is 1100010 - 0?
1100010
In base 13, what is -751 + 0?
-751
In base 4, what is -11221 - 0?
-11221
In base 8, what is -4 - 251?
-255
In base 7, what is -42 - 52?
-124
In base 13, what is 756 - 4?
752
In base 5, what is -3 + 4111?
4103
In base 10, what is -5 - 2768?
-2773
In base 10, what is -5472 + 2?
-5470
In base 3, what is 2122 - -111?
10010
In base 15, what is 5d - 2?
5b
In base 3, what is 22 - 201002?
-200210
In base 2, what is -1000 - -101001?
100001
In base 6, what is -1 - 1453?
-1454
In base 8, what is 6643 + -2?
6641
In base 14, what is -2 + -cd?
-d1
In base 4, what is 1 - -30230?
30231
In base 13, what is -8 + 14?
9
In base 2, what is -111010000 - -11000?
-110111000
In base 16, what is -d1 + -6?
-d7
In base 7, what is -15 - 1330?
-1345
In base 14, what is 766c - 0?
766c
In base 15, what is 3 - -17b?
17e
In base 5, what is -200242 + -1?
-200243
In base 4, what is 2032120 - -1?
2032121
In base 15, what is 7c + -4?
78
In base 15, what is 2 - -37?
39
In base 9, what is -3 + -61?
-64
In base 3, what is -110 + -11212?
-12022
In base 4, what is -13 + 2112?
2033
In base 7, what is -265 + -21?
-316
In base 14, what is 4 - -37b?
381
In base 5, what is -2 - -1042?
1040
In base 13, what is 109 - -115?
221
In base 4, what is -12 + -20?
-32
In base 6, what is 5 + 43?
52
In base 9, what is 64 + -31?
33
In base 7, what is 1420 - 1?
1416
In base 11, what is -5 + -41?
-46
In base 10, what is 467 + -8?
459
In base 5, what is -103 + 1?
-102
In base 6, what is -300 - 220?
-520
In base 16, what is -d4 + -7?
-db
In base 16, what is -2 + -1e1?
-1e3
In base 14, what is -10 - 3?
-13
In base 12, what is 494 + -3?
491
In base 10, what is -248 + 0?
-248
In base 12, what is 0 + 150?
150
In base 14, what is -5 - -bb?
b6
In base 14, what is -5b - 40?
-9b
In base 10, what is 0 + 0?
0
In base 11, what is 200 + 5?
205
In base 4, what is -1210 + -11?
-1221
In base 7, what is 665 - -1?
666
In base 6, what is -15 + 250?
231
In base 2, what is 1 - 1001000111?
-1001000110
In base 2, what is 10001 + 1?
10010
In base 14, what is -a + 153?
147
In base 8, what is 10 + 32?
42
In base 9, what is 1 + -733?
-732
In base 6, what is -202 + 45?
-113
In base 16, what is -7 - -29?
22
In base 5, what is -3 - -333?
330
In base 5, what is -101 - -3101?
3000
In base 9, what is 3741 - 1?
3740
In base 11, what is -158 - 13?
-170
In base 9, what is -1 - -272?
271
In base 12, what is 1212 + -4?
120a
In base 4, what is 121 + -2?
113
In base 9, what is 5 - 51?
-45
In base 8, what is -326 - -3?
-323
In base 15, what is -b + b?
0
In base 3, what is 2201000 - 20?
2200210
In base 4, what is -2312 - 22?
-3000
In base 11, what is -71a1 + 0?
-71a1
In base 2, what is 1000111100101 - -101?
1000111101010
In base 11, what is 49 - -6?
54
In base 16, what is -42c + -3?
-42f
In base 16, what is 2 + -e1a?
-e18
In base 15, what is 9 + -3c?
-33
In base 10, what is 2 - -70?
72
In base 11, what is -829 - 2?
-830
In base 3, what is 2012012 - -12?
2012101
In base 4, what is -2023 - 1?
-2030
In base 14, what is 2 + -11d4?
-11d2
In base 3, what is -1101 - 200?
-2001
In base 8, what is -11272 + -1?
-11273
In base 13, what is -6 - -4c?
46
In base 2, what is 100 - 101011010010?
-101011001110
In base 14, what is 4 - -7b6?
7ba
In base 2, what is -111101000 - 1?
-111101001
In base 4, what is -13323 + -33?
-20022
In base 13, what is 1 + -14?
-13
In base 13, what is -90 + 50?
-40
In base 2, what is -1 + -1010?
-1011
In base 7, what is -22 + 6?
-13
In base 4, what is 1 - 313?
-312
In base 10, what is -4 + 908?
904
In base 16, what is -159a - 5?
-159f
In base 12, what is 25 + 0?
25
In base 12, what is 13b8 - -3?
13bb
In base 15, what is -15 - -2a?
15
In base 10, what is 0 + -1?
-1
In base 12, what is -1b + -2?
-21
In base 13, what is 256 - -5?
25b
In base 9, what is 2 + -243?
-241
In base 13, what is 0 - -b9?
b9
In base 2, what is 11 - 100110?
-100011
In base 10, what is 1144 - 1?
1143
In base 4, what is -20 + 2031?
2011
In base 5, what is 102 - 1243?
-1141
In base 15, what is -ca + 4?
-c6
In base 10, what is -3 - -31?
28
In base 2, what is 101 - -10100000?
10100101
In base 7, what is 4431 - 4?
4424
In base 3, what is -2 - 20100?
-20102
In base 2, what is -101010 - -101?
-100101
In base 10, what is 0 + 548?
548
In base 11, what is -2 - 14?
-16
In base 13, what is -3 - -1b2a?
1b27
In base 4, what is -221 + 1213?
332
In base 15, what is 5 + 1257?
125c
In base 15, what is 5 - -4c?
52
In base 14, what is -3cd + 1?
-3cc
In base 10, what is -11737 + -3?
-11740
In base 6, what is -55 + 2?
-53
In base 16, what is -2 - -a70?
a6e
In base 11, what is -4 + -14?
-18
In base 5, what is 33 - -4?
42
In base 11, what is -2 - 2903?
-2905
In base 2, what is -100010101 - -11?
-100010010
In base 11, what is 501 + 6?
507
In base 3, what is 122100 + -1211?
120112
In base 8, what is -16 - 1107?
-1125
In base 4, what is -1003 - 1?
-1010
In base 10, what is -5931 - -2?
-5929
In base 16, what is -2b8 - 1?
-2b9
In base 16, what is -19 + 9?
-10
In base 15, what is 74 + 1?
75
In base 3, what is 1 + 10021?
10022
In base 9, what is 120 + 4?
124
In base 13, what is 1119 + -4?
1115
In base 9, what is 10 + 4?
14
In base 15, what is -1475 + 3?
-1472
In base 3, what is 10 - -1000?
1010
In base 11, what is -197 - 0?
-197
In base 3, what is 12 - 1100?
-1011
In base 8, what is 3340 - 13?
3325
In base 11, what is 15 + 38?
52
In bas